rime factors of 859089555.
3, 5, 463, 41233
List the prime factors of 457487.
17, 1583
What are the prime factors of 75761118?
2, 3, 71, 59281
What are the prime factors of 427772532?
2, 3, 11, 3240701
List the prime factors of 34282807.
13, 31, 97, 877
List the prime factors of 211850172.
2, 3, 5884727
List the prime factors of 681891945.
3, 5, 7, 6494209
List the prime factors of 788887384.
2, 2383, 41381
What are the prime factors of 635264172?
2, 3, 17646227
List the prime factors of 60195068.
2, 29, 53, 9791
What are the prime factors of 464249729?
464249729
List the prime factors of 3819592719.
3, 141466397
What are the prime factors of 1479822829?
23, 2087, 30829
What are the prime factors of 2734589303?
37, 6569, 11251
List the prime factors of 4120705.
5, 41, 20101
What are the prime factors of 5364260680?
2, 5, 134106517
List the prime factors of 26323998.
2, 3, 43, 102031
What are the prime factors of 2173645184?
2, 43, 79, 4999
What are the prime factors of 61323241?
7, 19, 193, 2389
List the prime factors of 59718464.
2, 13, 71777
What are the prime factors of 1942848367?
25409, 76463
What are the prime factors of 1698633815?
5, 47, 7228229
List the prime factors of 4240320677.
39883, 106319
List the prime factors of 70623896.
2, 7, 67, 2689
What are the prime factors of 242238803?
242238803
List the prime factors of 1950766019.
41, 787, 60457
List the prime factors of 950266260.
2, 3, 5, 5279257
What are the prime factors of 5657104?
2, 131, 2699
List the prime factors of 1505367930.
2, 3, 5, 11, 1657, 2753
What are the prime factors of 373862097?
3, 7, 37, 160387
What are the prime factors of 15900623?
15900623
List the prime factors of 897190235.
5, 179438047
What are the prime factors of 163568787?
3, 29, 151, 12451
List the prime factors of 9473561634.
2, 3, 19841, 79579
List the prime factors of 559393142.
2, 7, 11, 3632423
What are the prime factors of 9038732938?
2, 54217, 83357
What are the prime factors of 247143268?
2, 61785817
What are the prime factors of 665946981?
3, 7, 29, 121501
What are the prime factors of 1812102107?
33911, 53437
List the prime factors of 842307763.
11, 113, 173, 3917
What are the prime factors of 28183123?
31, 909133
What are the prime factors of 34799922?
2, 3, 644443
What are the prime factors of 190039984?
2, 23, 101, 5113
List the prime factors of 942026798.
2, 101, 4663499
List the prime factors of 527935108.
2, 157, 840661
List the prime factors of 25496648.
2, 491, 6491
What are the prime factors of 5941677?
3, 7, 31, 9127
List the prime factors of 33440623.
761, 43943
List the prime factors of 35148868.
2, 8787217
List the prime factors of 395931731.
13, 191, 159457
List the prime factors of 899819100.
2, 3, 5, 19, 101, 521
List the prime factors of 393717257.
2939, 133963
What are the prime factors of 91984797?
3, 23, 107, 4153
List the prime factors of 3281527.
17, 193031
List the prime factors of 157760717.
47, 443, 7577
What are the prime factors of 374482094?
2, 7, 631, 42391
What are the prime factors of 33842987?
4513, 7499
What are the prime factors of 655391317?
7, 13375333
What are the prime factors of 83836558?
2, 13, 73, 44171
List the prime factors of 161814221.
101, 1602121
What are the prime factors of 46763219?
647, 72277
What are the prime factors of 1324679535?
3, 5, 73, 134417
List the prime factors of 18436019.
7, 41, 64237
List the prime factors of 467162846.
2, 233581423
What are the prime factors of 190008494?
2, 13, 7308019
What are the prime factors of 1047793958?
2, 523896979
What are the prime factors of 57109277?
47, 103, 251
What are the prime factors of 355854592?
2, 29, 47933
List the prime factors of 6243398279.
6243398279
List the prime factors of 155712047.
23, 6770089
List the prime factors of 1141188791.
173, 6596467
List the prime factors of 509824955.
5, 41, 2486951
List the prime factors of 107793067.
389, 487, 569
List the prime factors of 18968971.
7, 113, 23981
What are the prime factors of 36083925?
3, 5, 160373
List the prime factors of 8529707632.
2, 131, 571, 7127
List the prime factors of 560897739.
3, 62321971
What are the prime factors of 27064246?
2, 11, 19, 64747
What are the prime factors of 108113222?
2, 7, 7722373
What are the prime factors of 596932014?
2, 3, 7, 2030381
What are the prime factors of 1106862660?
2, 3, 5, 6149237
What are the prime factors of 1392756312?
2, 3, 223, 260231
List the prime factors of 136973707.
13, 439, 24001
What are the prime factors of 449449956?
2, 3, 439, 28439
What are the prime factors of 266480785?
5, 53296157
List the prime factors of 1022890578.
2, 3, 17, 61, 79, 2081
List the prime factors of 44515201.
44515201
What are the prime factors of 1144823783?
61, 18767603
What are the prime factors of 646799183?
37, 167, 104677
What are the prime factors of 42941112?
2, 3, 29, 103, 599
What are the prime factors of 5399581?
11, 137, 3583
List the prime factors of 188042891.
83, 181, 12517
List the prime factors of 51019626.
2, 3, 7, 313, 3881
What are the prime factors of 284961796?
2, 7, 31, 233, 1409
List the prime factors of 1455555457.
1455555457
What are the prime factors of 5736800?
2, 5, 71, 101
What are the prime factors of 269925438?
2, 3, 19, 2367767
What are the prime factors of 3955439854?
2, 31, 7307, 8731
List the prime factors of 336650752.
2, 673, 977
What are the prime factors of 362066814?
2, 3, 107, 223, 281
List the prime factors of 985908345.
3, 5, 31, 41, 51713
List the prime factors of 11170146.
2, 3, 13, 71, 2017
List the prime factors of 40745161.
167, 269, 907
List the prime factors of 188894269.
47, 107, 37561
What are the prime factors of 1366656314?
2, 557, 1226801
List the prime factors of 290422866.
2, 3, 17, 19, 277, 541
List the prime factors of 114373253.
37, 83, 37243
List the prime factors of 5473331250.
2, 3, 5, 83, 3517
What are the prime factors of 1538138?
2, 7, 181, 607
List the prime factors of 15298218.
2, 3, 13, 47, 107
What are the prime factors of 18700515?
3, 5, 415567
List the prime factors of 116173284.
2, 3, 47, 205981
List the prime factors of 1729755836.
2, 432438959
What are the prime factors of 296513749?
7, 6051301
List the prime factors of 379351171.
379351171
What are the prime factors of 46516123?
19, 419, 5843
What are the prime factors of 58348887?
3, 311, 62539
What are the prime factors of 61843127?
17, 3637831
List the prime factors of 3420796.
2, 855199
List the prime factors of 1050923720.
2, 5, 7, 11, 31019
List the prime factors of 593359198.
2, 23, 29, 83, 233
What are the prime factors of 24241102?
2, 857, 14143
List the prime factors of 249842861.
249842861
List the prime factors of 2769101925.
3, 5, 2953, 12503
List the prime factors of 19530632.
2, 11, 19, 11681
List the prime factors of 42653044.
2, 7, 1523323
List the prime factors of 80510882.
2, 641, 62801
What are the prime factors of 65310039?
3, 17, 426863
List the prime factors of 1117548819.
3, 127, 108637
What are the prime factors of 12727119?
3, 23, 67, 2753
List the prime factors of 857236326.
2, 3, 142872721
List the prime factors of 441107335.
5, 88221467
What are the prime factors of 26597007?
3, 2955223
What are the prime factors of 6055384743?
3, 43, 5215663
List the prime factors of 9620002686.
2, 3, 7, 229047683
List the prime factors of 66282839.
7, 89, 15199
What are the prime factors of 709981331?
463, 1533437
List the prime factors of 612396050.
2, 5, 7, 1749703
List the prime factors of 1273734859.
1273734859
List the prime factors of 36501473.
719, 50767
List the prime factors of 35148630.
2, 3, 5, 11, 43, 2477
What are the prime factors of 48366698?
2, 1013, 23873
What are the prime factors of 1131943033?
13, 87072541
What are the prime factors of 2259042317?
7, 139, 1427, 1627
List the prime factors of 49356992.
2, 53, 14551
List the prime factors of 3575896392.
2, 3, 148995683
What are the prime factors of 298401112?
2, 37300139
What are the prime factors of 1471270656?
2, 3, 521, 3677
What are the prime factors of 11141507?
13, 857039
What are the prime factors of 99230132?
2, 31, 800243
List the prime factors of 2392186877.
2392186877
What are the prime factors of 3916414808?
2, 59, 421, 19709
What are the prime factors of 172352425?
5, 7, 877